186?
171
Calculate the remainder when 159697 is divided by 22.
21
Calculate the remainder when 2221 is divided by 390.
271
Calculate the remainder when 1222 is divided by 60.
22
Calculate the remainder when 28259 is divided by 1177.
11
Calculate the remainder when 59074 is divided by 14766.
10
Calculate the remainder when 1262419 is divided by 470.
469
Calculate the remainder when 7063 is divided by 1409.
18
Calculate the remainder when 73378 is divided by 15.
13
Calculate the remainder when 541399 is divided by 609.
607
What is the remainder when 272 is divided by 30?
2
What is the remainder when 3197 is divided by 67?
48
What is the remainder when 21479 is divided by 2526?
1271
Calculate the remainder when 382484 is divided by 191224.
36
Calculate the remainder when 6247 is divided by 1233.
82
What is the remainder when 510492 is divided by 40?
12
Calculate the remainder when 723 is divided by 176.
19
Calculate the remainder when 762 is divided by 444.
318
What is the remainder when 5475 is divided by 1819?
18
Calculate the remainder when 1413 is divided by 351.
9
What is the remainder when 3641 is divided by 48?
41
What is the remainder when 4361 is divided by 104?
97
What is the remainder when 93386 is divided by 247?
20
What is the remainder when 115908 is divided by 28971?
24
What is the remainder when 26978 is divided by 284?
282
Calculate the remainder when 221352 is divided by 61.
44
Calculate the remainder when 24492 is divided by 1959.
984
Calculate the remainder when 13641 is divided by 25.
16
Calculate the remainder when 64173 is divided by 21.
18
What is the remainder when 32219 is divided by 201?
59
Calculate the remainder when 52092 is divided by 23.
20
Calculate the remainder when 28009 is divided by 9330.
19
What is the remainder when 63396 is divided by 45?
36
What is the remainder when 47973 is divided by 2517?
150
What is the remainder when 7997 is divided by 725?
22
Calculate the remainder when 3280 is divided by 494.
316
What is the remainder when 983 is divided by 934?
49
What is the remainder when 5600420 is divided by 58?
56
Calculate the remainder when 69449 is divided by 25.
24
Calculate the remainder when 46663 is divided by 57.
37
Calculate the remainder when 16043 is divided by 255.
233
What is the remainder when 157932 is divided by 39480?
12
Calculate the remainder when 181533 is divided by 390.
183
What is the remainder when 795 is divided by 405?
390
Calculate the remainder when 59174 is divided by 749.
3
Calculate the remainder when 787854 is divided by 2251.
4
What is the remainder when 124421 is divided by 2393?
2378
Calculate the remainder when 4167 is divided by 2073.
21
Calculate the remainder when 9906 is divided by 107.
62
What is the remainder when 9982 is divided by 251?
193
What is the remainder when 17954 is divided by 881?
334
Calculate the remainder when 494508 is divided by 23548.
0
What is the remainder when 1141485 is divided by 46?
41
Calculate the remainder when 331107 is divided by 17426.
13
What is the remainder when 2629 is divided by 382?
337
Calculate the remainder when 207050 is divided by 11.
8
What is the remainder when 13507 is divided by 6753?
1
What is the remainder when 131884 is divided by 255?
49
What is the remainder when 1520 is divided by 1074?
446
Calculate the remainder when 1553105 is divided by 9300.
5
Calculate the remainder when 385 is divided by 95.
5
What is the remainder when 2805 is divided by 572?
517
Calculate the remainder when 114438 is divided by 1638.
1416
What is the remainder when 67546 is divided by 92?
18
Calculate the remainder when 1523 is divided by 215.
18
What is the remainder when 8271 is divided by 192?
15
Calculate the remainder when 10614 is divided by 5307.
0
Calculate the remainder when 1599 is divided by 50.
49
Calculate the remainder when 8629 is divided by 1.
0
What is the remainder when 2942 is divided by 954?
80
What is the remainder when 10698 is divided by 790?
428
Calculate the remainder when 162331 is divided by 16233.
1
Calculate the remainder when 10161 is divided by 29.
11
Calculate the remainder when 18527 is divided by 113.
108
What is the remainder when 2280 is divided by 560?
40
Calculate the remainder when 5580 is divided by 2751.
78
Calculate the remainder when 41335 is divided by 2486.
1559
Calculate the remainder when 2119 is divided by 193.
189
What is the remainder when 633182 is divided by 376?
374
Calculate the remainder when 697876 is divided by 1007.
25
Calculate the remainder when 24661 is divided by 42.
7
Calculate the remainder when 1772 is divided by 103.
21
Calculate the remainder when 41974 is divided by 16.
6
Calculate the remainder when 2853 is divided by 2241.
612
Calculate the remainder when 19757 is divided by 521.
480
What is the remainder when 17281 is divided by 2849?
187
Calculate the remainder when 2205 is divided by 2104.
101
Calculate the remainder when 8962 is divided by 635.
72
What is the remainder when 2489 is divided by 115?
74
Calculate the remainder when 1990 is divided by 494.
14
Calculate the remainder when 45885 is divided by 11468.
13
What is the remainder when 139441 is divided by 142?
139
Calculate the remainder when 31592 is divided by 46.
36
Calculate the remainder when 458932 is divided by 705.
682
Calculate the remainder when 5811 is divided by 5810.
1
Calculate the remainder when 7213 is divided by 31.
21
Calculate the remainder when 35922 is divided by 3989.
21
Calculate the remainder when 853 is divided by 14.
13
What is the remainder when 398 is divided by 375?
23
What is the remainder when 1864 is divided by 55?
49
What is the remainder when 3011 is divided by 998?
17
What is the remainder when 204628 is divided by 570?
568
Calculate the remainder when 122580 is divided by 42.
24
Calculate the remainder when 190223 is divided by 510.
503
Calculate the remainder when 6742 is divided by 402.
310
What is the remainder when 8376 is divided by 927?
33
Calculate the remainder when 209998 is divided by 75.
73
Calculate the remainder when 2374 is divided by 33.
31
Calculate the remainder when 21150 is divided by 1410.
0
Calculate the remainder when 10277 is divided by 69.
65
Calculate the remainder when 116 is divided by 23.
1
Calculate the remainder when 4735 is divided by 165.
115
What is the remainder when 10781 is divided by 13?
4
Calculate the remainder when 1169903 is divided by 79.
71
What is the remainder when 3891 is divided by 389?
1
Calculate the remainder when 14947 is divided by 935.
922
What is the remainder when 38684 is divided by 87?
56
What is the remainder when 4022 is divided by 1852?
318
Calculate the remainder when 100352 is divided by 186.
98
What is the remainder when 1530 is divided by 344?
154
Calculate the remainder when 168289 is divided by 1850.
1789
Calculate the remainder when 7025 is divided by 1401.
20
What is the remainder when 23171 is divided by 11572?
27
Calculate the remainder when 735 is divided by 122.
3
What is the remainder when 595 is divided by 10?
5
What is the remainder when 4050 is divided by 3785?
265
What is the remainder when 69675 is divided by 711?
708
What is the remainder when 1539 is divided by 67?
65
Calculate the remainder when 4796 is divided by 651.
239
What is the remainder when 4183 is divided by 1998?
187
Calculate the remainder when 211677 is divided by 247.
245
Calculate the remainder when 29093 is divided by 23.
21
What is the remainder when 369963 is divided by 591?
588
Calculate the remainder when 430246 is divided by 312.
310
What is the remainder when 48619 is divided by 125?
119
Calculate the remainder when 11681 is divided by 1293.
44
Calculate the remainder when 2929415 is divided by 1128.
1127
What is the remainder when 8455 is divided by 2444?
1123
What is the remainder when 3090 is divided by 1021?
27
What is the remainder when 16154 is divided by 28?
26
What is the remainder when 1759 is divided by 439?
3
What is the remainder when 241226 is divided by 15?
11
What is the remainder when 630884 is divided by 776?
772
Calculate the remainder when 197577 is divided by 6.
3
What is the remainder when 575098 is divided by 405?
403
Calculate the remainder when 3724224 is divided by 38.
34
Calculate the remainder w